e?
False
Is 98555081 a prime number?
True
Is 54539 prime?
True
Is 9857119 a composite number?
True
Is 400551101 prime?
True
Is 14484959 a prime number?
False
Is 2066871 composite?
True
Is 2532763 a prime number?
True
Is 3030893 a composite number?
False
Is 18687731 composite?
False
Is 6048799 composite?
True
Is 201603973 composite?
False
Is 518017 a composite number?
False
Is 3195329 prime?
False
Is 211121557 prime?
True
Is 110353337 a prime number?
True
Is 880519 a prime number?
True
Is 3482939 a prime number?
True
Is 14599945 composite?
True
Is 161231765 composite?
True
Is 51742099 prime?
True
Is 21523571 composite?
False
Is 3562669 composite?
True
Is 381763961 composite?
True
Is 33379231 prime?
False
Is 14046881 prime?
False
Is 4341893 prime?
True
Is 64642271 a composite number?
False
Is 4473089 composite?
False
Is 5219023 a composite number?
True
Is 6321677 a prime number?
True
Is 31891879 a prime number?
True
Is 471917993 a composite number?
False
Is 298513 a prime number?
True
Is 256975219 prime?
False
Is 111755419 prime?
False
Is 5904299 a prime number?
False
Is 16247977 a composite number?
False
Is 26117549 a prime number?
True
Is 61714889 a prime number?
True
Is 3880687 a composite number?
True
Is 55871177 prime?
False
Is 6394781 a prime number?
True
Is 31339747 a composite number?
True
Is 20044747 composite?
False
Is 29497993 prime?
False
Is 9898907 a composite number?
False
Is 3686983 prime?
True
Is 6875933 prime?
True
Is 3154079 a composite number?
False
Is 230610279 composite?
True
Is 24002827 a composite number?
True
Is 708595 composite?
True
Is 2230939 a prime number?
True
Is 473279 prime?
True
Is 92734909 a prime number?
True
Is 21101609 a composite number?
True
Is 131935 a composite number?
True
Is 3637549 prime?
False
Is 55080199 a composite number?
True
Is 12661801 a composite number?
False
Is 26105113 composite?
False
Is 378149 prime?
True
Is 190027 prime?
True
Is 69756221 prime?
True
Is 296444311 prime?
False
Is 50783737 composite?
False
Is 14728793 a prime number?
True
Is 361129817 prime?
True
Is 2554393 prime?
False
Is 1411271 a composite number?
False
Is 76730583 composite?
True
Is 1250761 a composite number?
False
Is 1481631 prime?
False
Is 17390993 composite?
True
Is 100673033 a composite number?
False
Is 8934251 a prime number?
False
Is 129432949 prime?
True
Is 8122873 composite?
True
Is 37611209 a prime number?
True
Is 110457751 composite?
False
Is 198909679 a prime number?
True
Is 6872753 a prime number?
False
Is 974021 prime?
False
Is 65686353 prime?
False
Is 10190549 prime?
True
Is 75054953 prime?
True
Is 476557271 a prime number?
True
Is 14614841 a prime number?
True
Is 2521235 a prime number?
False
Is 18395869 prime?
False
Is 58467746 a prime number?
False
Is 35797991 a composite number?
False
Is 389074163 composite?
True
Is 2245631 a prime number?
True
Is 2416993 composite?
True
Is 105038909 a composite number?
False
Is 59897459 composite?
True
Is 55646809 a prime number?
False
Is 5637967 a composite number?
True
Is 1685521 prime?
True
Is 1833862 composite?
True
Is 46216487 prime?
False
Is 48796445 a composite number?
True
Is 681689 a prime number?
True
Is 2022863 a prime number?
True
Is 9714209 prime?
False
Is 3944269 a composite number?
True
Is 52462871 composite?
False
Is 3105841 a composite number?
False
Is 129683419 a composite number?
True
Is 5100767 composite?
True
Is 463907761 composite?
False
Is 264326563 prime?
True
Is 295841269 a composite number?
True
Is 140322749 composite?
True
Is 3295613 a prime number?
False
Is 24381701 prime?
True
Is 76100209 a composite number?
True
Is 2119259 a composite number?
False
Is 2487619 prime?
True
Is 392438831 a prime number?
True
Is 1112491 composite?
True
Is 9946561 prime?
False
Is 19493111 a composite number?
True
Is 10244711 prime?
False
Is 326537 prime?
True
Is 38995205 a prime number?
False
Is 152416841 composite?
True
Is 8539313 prime?
True
Is 9667187 prime?
True
Is 2880953 a composite number?
True
Is 27983089 composite?
False
Is 75314923 a prime number?
True
Is 68805663 prime?
False
Is 512939407 a prime number?
True
Is 13665481 a composite number?
False
Is 298051867 composite?
False
Is 1594421 a prime number?
True
Is 6685639 a prime number?
False
Is 418969 prime?
False
Is 20771213 a prime number?
True
Is 98602481 a composite number?
False
Is 611950021 a composite number?
True
Is 6201269 a composite number?
True
Is 47679697 prime?
False
Is 12799 a prime number?
True
Is 55101 a composite number?
True
Is 3342599 composite?
True
Is 840965 prime?
False
Is 1825051 a composite number?
True
Is 17905309 composite?
False
Is 4264487 prime?
True
Is 67059381 composite?
True
Is 9638911 prime?
True
Is 1704973 a composite number?
True
Is 3137107 a prime number?
False
Is 286185671 prime?
True
Is 2509561 a composite number?
False
Is 443710481 a prime number?
True
Is 594100259 a prime number?
True
Is 51618443 composite?
True
Is 3905383 prime?
True
Is 38522441 a composite number?
True
Is 38650049 a composite number?
False
Is 35660021 a composite number?
True
Is 515150161 a composite number?
False
Is 48210749 a prime number?
True
Is 408197 prime?
True
Is 77036541 prime?
False
Is 20555099 composite?
True
Is 16602137 a composite number?
False
Is 1745761 a prime number?
True
Is 33149369 a composite number?
True
Is 3609277 a prime number?
False
Is 36064183 a prime number?
True
Is 13263787 a prime number?
False
Is 755753 prime?
False
Is 2459701 composite?
False
Is 2359783 a prime number?
True
Is 5041559 prime?
True
Is 15226121 composite?
True
Is 674451881 a prime number?
True
Is 32177877 a composite number?
True
Is 2615871 composite?
True
Is 4638763 prime?
False
Is 4583261 prime?
True
Is 593171 a composite number?
False
Is 5657827 a composite number?
True
Is 6445639 a prime number?
True
Is 158511127 a prime number?
True
Is 460502129 prime?
True
Is 94582903 a prime number?
True
Is 32175907 prime?
False
Is 103525559 a composite number?
False
Is 799627 a composite number?
True
Is 17625721 prime?
True
Is 54781121 prime?
True
Is 87881303 prime?
False
Is 24815303 composite?
False
Is 175317011 composite?
False
Is 19723555 a prime number?
False
Is 644729 a prime number?
True
Is 678115519 composite?
True
Is 3953643 prime?
False
Is 192426701 a composite number?
False
Is 171061 prime?
False
Is 394960327 a composite number?
False
Is 4719829 a prime number?
False
Is 431797 a composite number?
False
Is 77152343 prime?
True
Is 103827971 prime?
False
Is 252772957 composite?
False
Is 289139021 composite?
False
Is 107060843 a composite number?
False
Is 265034949 prime?
False
Is 502152853 a composite number?
False
Is 841691 composite?
False
Is 81948751 composite?
True
Is 14726429 a prime number?
True
Is 614523963 prime?
False
Is 161468409 prime?
False
Is 126740671 composite?
True
Is 283760879 prime?
False
Is 1811413 a prime number?
True
Is 3193601 a prime number?
True
Is 192991 prime?
True
Is 20569 composite?
True
Is 116176973 a composite number?
True
Is 29956229 prime?
True
Is 6313607 prime?
False
Is 79404049 a composite number?
False
Is 615019 a composite number?
False
Is 127118767 composite?
False
Is 6133727 a composite number?
False
Is 57908923 composite?
False
Is 4197022 composite?
True
Is 3688517 a prime number?
False
Is 10618409 a prime number?
True
Is 83875619 a prime number?
True
Is 75062519 a prime number?
False
Is 7089835 prime?
False
Is 2490821 a composite number?
False
Is 6086297 a prime number?
False
Is 258467107 a composite number?
True
Is 4435709 composite?
False
Is 4195117 a composite number?
False
Is 15794419 composite?
False
Is 80421857 a prime number?
True
Is 153768883 a composite number?
True
Is 21514067 a composite number?
False
Is 1438309 prime?
False
Is 838324819 a composite number?
True
Is 8259371 composite?
True
Is 603765649 a prime number?
True
Is 520419 a composite number?
True
Is 16844917 a prime number?
True
Is 479735799 a prime number?
False
Is 156760883 composite?
True
Is 72560881 a composite number?
True
Is 83372693 a prime number?
True
Is 26267039 a composite number?
False
Is 122965 prime?
False
Is 215386421 composite?
True
Is 11433217 composite?
True
Is 15466349 a composite number?
True
Is 30179311 prime?
False
Is 11584817 a composite number?
False
Is 6516007 pr